). Determine v(-1).
-13
Let q(i) be the second derivative of i**4/12 + 25*i. Let f = -6 + 27. Let v(n) = -n**2 + 21*n - 2. Let c be v(f). Determine q(c).
4
Let f(q) be the first derivative of q**4/4 + 3*q**3 + 15*q**2/2 + 16*q + 147. Determine f(-7).
9
Let l be (-2)/(-1 + 3) + -2 + 4. Let t(u) be the first derivative of 11 + u - 1/2*u**2 + 0*u**3 + 1/4*u**4. Determine t(l).
1
Let q be (-2)/(-22) - 42/(-22). Let r(n) = n**q - 2*n + 2*n - 3 + 2*n + 11 + 8*n. Determine r(-8).
-8
Let m(a) = a**3 - 28*a**2 + a - 8. Let h = -14639 + 14667. Calculate m(h).
20
Suppose 5*b - 21 = 3*x - 2, 0 = -2*x + b - 1. Let f(p) = -169*p**2 + 2*p - p**3 - p + 165*p**x. Give f(-4).
-4
Let g(d) = d**2 - 8*d + 1. Let k(y) = -2*y**2 + 9*y. Let f(n) = -3*g(n) - 2*k(n). Suppose l = -11*c - 105, 3*l = -2*l + 2*c - 12. What is f(l)?
-3
Let x = 8315 - 8310. Let m(g) = -g**2 + 2*g + 24. What is m(x)?
9
Suppose 5*s + 97884 = 97894. Let f(y) = -3*y**3 - y**2. Calculate f(s).
-28
Let f(z) = z**3 - 5*z**2 + 11*z - 36. Let p be f(5). Suppose -p - 6 = 5*t. Let u(q) = -q**2 - 5*q - 6. Determine u(t).
-6
Let f be (-2)/((-15)/(-12) - 1). Let a = 94 + -85. Let t(k) = 5*k + 5*k - 11*k - a. Determine t(f).
-1
Let r be 9 + (-1)/(-1) + -1. Let u(n) = -5*n**3 - 27*n**2 - 9*n + 137. Let c(m) = m**3 + 7*m**2 + 2*m - 30. Let o(x) = 9*c(x) + 2*u(x). What is o(r)?
4
Suppose 6 + 59 = -35*c - 40. Let j(g) = 3*g**2 - 4 - 2*g**2 + 3 - 2*g. What is j(c)?
14
Let u(f) = -44*f + 354. Let r be u(8). Let c(h) = -r*h + h**2 + 1 - 28*h**2 + 31*h**2. Give c(2).
13
Let b(r) = 6*r - 3*r - 1052*r**2 + 1056*r**2 - 4. Determine b(-4).
48
Let c(s) = 18*s + 3 + 12*s + 14*s**2 - 27*s. What is c(-1)?
14
Suppose f = -5*s - 14, 2*s + f - 71 + 82 = 0. Let x(n) = 12*n - 4. Give x(s).
-16
Let c(h) = -174*h + 1048. Let o be c(6). Let b(r) = -2 + 2 - 2 + 6*r - 5*r. Calculate b(o).
2
Suppose -29 = 4*q - 41. Let f be 4/(3*2/3). Suppose f*g - 5*n = -0*g - 17, -27 = -3*g - q*n. Let u(k) = k - 1. Determine u(g).
3
Let a be (-105)/(-20) + (-3)/12. Suppose -a - 7 = -4*f - r, 3*r = f - 16. Suppose 1 = -j + 2*u, 4*j - f*u - 8 = -0. Let t(v) = -v**3 + 5*v**2 + 3. Give t(j).
3
Let k(b) = -b**3 - 8*b**2 + 4*b + 14. Suppose -88*s + 544 = -156*s. Calculate k(s).
-18
Let s be (-35)/18 - 428/7704. Let j(k) = 22*k**2 + 41*k + 2. What is j(s)?
8
Let r = -1083 + 1085. Let a(j) = -24*j**r + 15 + 34*j**2 - j**3 + 2*j**2 + 21*j - 9*j. Let k be -1 + 0 + 12 + 2. Give a(k).
2
Let q = -1002 - -1000. Let g(n) = -2*n**2 - 1. Determine g(q).
-9
Let d(c) = 1 - 8*c + 9*c - 2. Suppose 2*b - 4*b = -5*a - 5, 3*a + 2*b + 3 = 0. What is d(a)?
-2
Let g be (4/(-6))/((-10)/255). Suppose 20*h - 96 = g*h. Suppose h = -4*n - 6*v + 2*v, 4*n + 29 = -v. Let a(p) = p**2 + 5*p - 9. What is a(n)?
5
Let l(f) = -4*f - 29. Let n = 2894 - 2903. Determine l(n).
7
Let c(w) = 3*w + 3. Suppose 462 - 292 = 34*b. Let a(p) be the third derivative of p**4/12 + p**3/3 + p**2. Let n(m) = b*c(m) - 9*a(m). Give n(-2).
3
Let h(k) = -k**3 + 6*k**2 - 4*k - 3. Let q be (5 - (8 - -6)) + 15. What is h(q)?
-27
Suppose n - 8*n + 21 = 0. Suppose -2*g - 21 = n*r - 5*g, 2*r + 2*g = -10. Let w(b) be the second derivative of -b**3/6 + 7*b**2/2 - 11*b. Calculate w(r).
13
Suppose -2*o + 26 - 12 = 0. Suppose -5*r + 4*t = o, -4*t + 3*t = 2*r - 5. Let a(n) = 0*n**2 - 9*n**3 - 1 + n**2 + 10*n**3. What is a(r)?
1
Let z(p) be the third derivative of p**4/8 + 25*p**3/6 + 81*p**2 + 4*p + 5. Give z(22).
91
Let i(m) be the third derivative of 23*m**4/24 + 47*m**3/6 + 2929*m**2. What is i(-2)?
1
Let q = -176 - -275. Let c(w) = -42*w**2 + q*w**2 - 19*w**2 - 17*w**2 - 1 + w. Calculate c(1).
21
Suppose -5*k - 2*r - 557 = 0, 3*k + 2*r - 68 = -403. Let s be (-1)/(-4) + (-6)/((-72)/k). Let i(o) = o**2 + 9*o. What is i(s)?
0
Let t(c) = -47*c - 26. Let f(z) = -28*z - 13. Let g(i) = -5*f(i) + 3*t(i). Suppose 2*l = 13 - 39. Give g(l).
0
Let k be (-18)/(-4) + (-3)/2. Let s(o) = -10*o**3 - 8*o**2 - 7 + 1 + 11*o**k + 7*o. Suppose -3*n = 4*j - 13, 0 = 3*n + 4*j - j - 15. What is s(n)?
-6
Suppose -2*u + 23 = -21. Suppose -29*t + u*t = -63. Let y(s) = 3*s - 11. Calculate y(t).
16
Suppose -29 + 26 = -v. Suppose -m = -q, -m = q - v - 7. Let z(r) = m*r + r + 9 + 6*r**2 - 5*r**2 - 10*r**2 + r**3. Calculate z(8).
-7
Let a be (-4)/2 - (2 + 2 - (-4 - 5)). Let h(y) = -y - 13. Calculate h(a).
2
Let n(x) = -x**3 - 93 - 96 + 172 - 8*x**2. Determine n(-8).
-17
Let s(u) be the first derivative of -u**5/120 + u**4/6 + 25*u**3/3 - u + 148. Let n(p) be the third derivative of s(p). Calculate n(4).
0
Let p = -46 + 48. Suppose 7*z - 6*z = p. Let w(c) = -3*c**2 - 15*c + 3 - 6 + 10*c + z*c. Determine w(-2).
-9
Suppose -209*i = -166*i + 129. Let g(p) = -p - 18. Give g(i).
-15
Let i(q) = -7*q**2 + 2*q - 4. Let u(p) = 2*p + 1. Let r(l) = i(l) + 3*u(l). Let x(m) = -15*m**2 + 16*m - 1. Let d(s) = 13*r(s) - 6*x(s). Calculate d(3).
8
Let c(l) = 2*l + l**2 + 8*l - 4*l - 14*l - 27*l + 97. What is c(32)?
1
Let o be ((-41)/(3567/(-58)))/(0 - (-2)/(-3)). Let z(m) be the third derivative of 11*m**5/60 + m**4/24 - 2*m**2. What is z(o)?
10
Let a(q) = -q**3 - 4*q**2 - 1. Suppose 3*z = 9, 3*y + 5*z = 10 + 479. Let h = y + -162. What is a(h)?
-1
Let h(q) = q - 12. Let v(o) = -9. Let x(s) = h(s) - 2*v(s). Suppose 0 = 2*g + g. Let j = g + -6. Calculate x(j).
0
Let m(k) be the third derivative of k**4/24 - k**3 - 11*k**2. Let r = 25 - 8. Let b = r + -12. Give m(b).
-1
Let g(l) = -l**3 - 8*l**2 + 1. Let u(i) = i**3 + 10*i**2 - 2*i - 11. Let d be u(-9). Suppose -346*x = -335*x + d. What is g(x)?
1
Let n(g) be the first derivative of -15*g**2/2 + 21*g - 1892. Give n(8).
-99
Suppose v + 1 = -4*i - 2*v, -3*i + 4*v = -18. Let b(h) = -1576*h - 1584*h + 3154*h. What is b(i)?
-12
Let w be -18 - 4*(-86)/8. Let d(c) = c - 63. Give d(w).
-38
Let m(b) = -2*b**2 + 3*b + 4. Let j be 0 + (-50)/(-14) - 15/(-35). Suppose -5*z = -j*k - 31, 3 - 23 = -4*z + 2*k. Calculate m(z).
-5
Let t(u) = -u + 31. Let p be (40 - 14/(-7)) + (-8)/2 + -4. Calculate t(p).
-3
Suppose -3*s + 171*d - 176*d + 33 = 0, 0 = -3*d. Let a(w) = w**3 - 10*w**2 - 11*w + 21. What is a(s)?
21
Let v(p) = 25*p - 26. Let n(s) = -26*s + 9. Let b(k) = 27*k - 6. Let r(f) = -5*b(f) - 6*n(f). Let g(i) = -6*r(i) + 5*v(i). Give g(20).
-6
Let x(c) be the third derivative of -c**6/720 - c**5/15 - 5*c**4/8 + 24*c**2. Let m(o) be the second derivative of x(o). Let f = -287 - -277. Give m(f).
2
Let p(c) be the third derivative of -15*c**2 - 5/6*c**3 - 1/12*c**4 + 0*c + 0. Let o be (-42)/(-10) - 2/10. Calculate p(o).
-13
Let o(u) = -539*u + 276*u + 264*u + 7. Suppose -5*a - 12 = g - 3*a, 5*a - 14 = 3*g. Determine o(g).
-1
Let r(m) = -7*m + 2. Let t(g) = 36*g - 12. Let h(c) = -26*r(c) - 5*t(c). Determine h(6).
20
Let z be (-4672)/1460*1/(2/25). Let j(n) = -n - 31. Give j(z).
9
Let n(p) be the second derivative of p**3/2 - 27*p**2 - 25*p. Let s be n(25). Let r = -27 + s. Let u(t) = -t**2 - 7*t - 9. Give u(r).
-3
Let o = 18 + -21. Let j(z) = z**3 + 2*z**2 - 6*z - 5. Let m be j(o). Let l(k) = k + 0*k + 2 + 3*k**2 - k + m*k. Give l(-2).
6
Let t(r) be the first derivative of -r**4/4 - 6*r**3 + 10*r**2 + 22*r + 5. Let h be t(-19). Let o(d) = -87*d - 84*d - 4 - 4*d**2 + d**3 + 175*d. Determine o(h).
-1
Let z = -134 + 139. Let a(m) = 10*m**2 - 51*m + 4. Let y be a(z). Let r(u) = 8*u**2 + 1. Determine r(y).
9
Let t(g) = -g**3 - 6*g**2 + 7*g - 6. Suppose 170 = -2*j + s + 150, 3*j + 51 = 5*s. Determine t(j).
-6
Let i(u) = -u - 1. Let z be i(-7). Let m be z*(-3)/(-6) + (-2 - 0). Let x(g) = g - 2 - m + 2. Give x(1).
0
Let g(p) be the second derivative of 3*p - 1/10*p**5 + 27 + 1/4*p**4 + 1/2*p**3 + 1/2*p**2. What is g(3)?
-17
Let o(v) be the third derivative of -v**5/60 - 4*v**4/3 - 4*v**3 + 2*v**2 + 98*v + 4. Determine o(-31).
7
Let z = 73 - 77. Let v be (0 - 1) + (-4 - -6) - z. Let g(o) = -o**2 + 4*o - 7. Determine g(v).
-12
Let q(s) = 49*s. Let v(b) = -82*b - 1. Let h(x) = -3*q(x) - 2*v(x). Determine h(-2).
-32
Suppose 18 = 737*h - 728*h. Let k(b) be the second derivative of 0 - 1/2*b**2 - 1/3*b**3 + 4*b + 0*b**4 + 1/20*b**5. What is k(h)?
3
Let y(l) = 39*l**2 + 19 - 43*l**2 - 15*l + 3*l - 16*l - 40. Calculate y(-6).
3
Let w(f) = -f**2 - 340*f + 6080. Let q be w(17). Let i(t) = -t + 1. Let h(m) = -2*m - 10. Let j(y) = h(y) - 3*i(y). Give j(q)